is the units digit of y/4*(-1 - 1) - -16?
7
Suppose -3*k = -3*g + k + 443, 0 = 3*g - 3*k - 438. Let y = g + -34. What is the units digit of y?
7
Let v(y) = 347*y - 96. What is the hundreds digit of v(4)?
2
Suppose -32*x + 289 + 575 = 0. What is the units digit of x?
7
Let k be (51/12 + -4)*4. Suppose 4*o = x - 65, -k = -x - 0*x. What is the units digit of (-4)/o - (-165)/12?
4
What is the hundreds digit of ((-3666)/9)/(6/(-9))*1?
6
Let g(y) = 1 + 8*y - 2*y**2 - 2*y**3 - 3*y**2 + 4. Let v be g(-5). Suppose 2*c - v = -c. What is the tens digit of c?
3
Suppose 0 = -6*g + 25 + 35. What is the units digit of (-2 - -2) + g*2?
0
Suppose 29*f - 38*f = -26289. What is the hundreds digit of f?
9
Suppose 1 + 1 = z. Suppose -z*t + 48 = -3*x, 3*t - 60 = x - 2. What is the tens digit of t?
1
Let g(k) = 86*k**3 + 3*k**2 - k + 10. What is the thousands digit of g(3)?
2
Let n(j) = j**2 + 9*j + 2. Let b be n(-9). Suppose 182 = 4*p - b*p. What is the tens digit of p?
9
Suppose -2*x - 4*c - 6 = 0, 2 = -3*c + c. Let v = x - -2. What is the tens digit of v + 28 - (6 - 6)?
2
Let g = -120 - -187. What is the tens digit of g?
6
Suppose f - 27 = -3*x + 1, 0 = x + f - 8. What is the units digit of 405/x*1*4?
2
Suppose -6732 = -45*w - 57*w. Suppose h + 12 = 3*x, -x - x = -6. What is the units digit of ((-25)/10)/(h/w)?
5
Let p = 1425 - 963. What is the hundreds digit of p?
4
Suppose 0 = -2*k + 694 + 316. What is the units digit of k?
5
Let i(s) = s - 2. Let v be i(3). Let n be 2/2 - (2 - v). Suppose -2*z - 4*j + 58 = n, -4*z + 4*j + 47 = -z. What is the units digit of z?
1
Suppose m - 29 + 467 = y, 3*y = m + 1304. What is the units digit of y?
3
Let b be 8/8*(-2 + (-2)/(-1)). Suppose b = 4*y - y - 372. What is the units digit of y?
4
Suppose 4*w = 7 + 5. Suppose 0*a = -3*a + 3*r + 24, w*a - 5*r - 30 = 0. Suppose 5*b = -5*i + 95, 3*i - 16 - 51 = -a*b. What is the tens digit of i?
1
Let g = 539 + 142. What is the hundreds digit of g?
6
Let x = 46 - 44. Suppose -4*l - x*l = -546. What is the units digit of l?
1
Let a(s) = 13*s**2 - 4*s - 129. Let x(f) = 7*f**2 - 2*f - 64. Let m(c) = -6*a(c) + 11*x(c). What is the units digit of m(0)?
0
Suppose -27 = -3*g + 6*g. Let i be 2 + (-2 - -1) + g. Let t = i + 13. What is the units digit of t?
5
Let a(q) = -22*q - 2. Let p be a(1). Let o = -14 - p. What is the units digit of (-140)/42*(-24)/o?
8
What is the units digit of (6/51 - (-15281)/17)/1?
9
Suppose -5*s - 15 = 0, f = -2*f - 4*s - 18. Let g = f - -6. Suppose t = -2*i + g, 0 = -2*i + 4*i - 5*t + 8. What is the units digit of i?
1
Let c be -8 + (-9)/(3 + -6). Let q(h) = h**3 + 6*h**2 + 3*h + 2. Let g be q(c). What is the tens digit of 2/(8/g) + 16?
1
Let z(a) = 2*a**2 + 2*a - 20. Let i(d) = d**3 - d**2 - 2*d + 4. Let p be i(0). What is the units digit of z(p)?
0
Let b(r) = r**2 - 7*r + 1. Let d be b(7). Suppose c - 43 = d. Suppose -173 = -7*t + c. What is the units digit of t?
1
Let v(o) = -31*o - 2. Let w be 6/2*(-100)/(-30). Let a be (-4)/2*5/w. What is the units digit of v(a)?
9
Let a = 25 + 9. Let l(m) = m**3 + 6*m**2 - 10*m. Let x be l(-7). Suppose -3*o = -5*j - 56, 4*j + x = 3*o - a. What is the tens digit of o?
1
Let f = -1419 + 2291. What is the units digit of f?
2
Let q(d) be the third derivative of 5/3*d**3 + 0 + 8*d**2 - 1/24*d**4 + 0*d. What is the tens digit of q(-6)?
1
Suppose -4*n - 3*c = -19, 3*n - 8*n - 2*c = -22. Let d(t) = t**3 + 2*t**2 - 6*t + 6. What is the tens digit of d(n)?
7
Let x(k) = 2*k**2 - 17*k + 45. Let h be 3*-1 - (-160)/10. What is the units digit of x(h)?
2
Suppose 56*s - 71094 + 982 = 0. What is the hundreds digit of s?
2
Let c = 9 - 13. Let m(l) = -6*l + 9. What is the tens digit of m(c)?
3
Suppose 5*j - 4*z - 50 = z, -4*j = -3*z - 39. Suppose 0 = 3*v + j, 5*i - 34 = v + 2*v. What is the units digit of i?
5
Let m = 931 - 145. What is the tens digit of m?
8
Let u(z) = -159*z**3 - z**2 + 7*z - 5. Let h(q) = 79*q**3 - 3*q + 2. Let y(g) = -5*h(g) - 2*u(g). What is the tens digit of y(-1)?
7
Suppose -3*o - 50 = -131. Suppose -5*g = 17 - o. Suppose u + 27 = g*h, 0 = -2*u - 2 + 12. What is the units digit of h?
6
Let j = 133 - 84. Suppose -76 = -5*d + j. What is the tens digit of d?
2
Let d = -73 - -70. What is the tens digit of -3 + (-9)/d + 75?
7
Let l(i) = i**2 + 2*i + 2. Let f be l(-5). Let k = f - 16. What is the units digit of (k - 9/6)*-118?
9
Suppose 0 = -4*q + 9*q. Suppose q = 2*w - 41 - 17. What is the tens digit of w - 9/(-3) - 1?
3
Suppose -5*u + 29 = -4*h, 4*h + 7 = 3. Suppose -49 = -u*j + 261. What is the tens digit of j?
6
Let w(m) = 7*m**3 + 12*m**2 + 2*m - 33. What is the units digit of w(5)?
2
Let h be 10/8 + (-30)/(-8). Suppose 4*i - 714 = -h*n - 0*i, -4*n + i = -567. What is the hundreds digit of n?
1
Suppose -152 = -13*f - 22. Suppose 408 - 8 = f*x. What is the units digit of x?
0
Let d be -1*3 - (6 + -14). What is the hundreds digit of 0 - (-3 + -160) - d?
1
Let p(k) = k**3 + 13*k**2 + 13*k + 17. Let n be p(-12). Suppose -3*z - n*z = -552. What is the tens digit of z?
6
Let c(p) = p**3 - 31*p**2 - 57*p - 83. What is the tens digit of c(34)?
4
What is the hundreds digit of (-1)/((-5420)/(-904) + -6)?
2
Let i(p) = 4*p**3 - 3 + 8*p**2 + 5*p**2 - 2*p - 10*p**2. What is the hundreds digit of i(3)?
1
Suppose 4*t - 60 = -5*q + 3941, 3*q = 2*t + 2405. Suppose 0 = -4*k + q - 209. What is the tens digit of k?
4
Suppose -7*r + 3*r - 24 = 0. Let k be ((-342)/(-8))/(r/16). What is the units digit of k/(-22) + 4/(-22)?
5
Suppose -4*c + 5*u + 20 = 0, -2*u = -0*c - 4*c + 8. Suppose -5*n + 5 = 2*y + 11, -2*y + 2*n + 8 = c. What is the units digit of 1370/40 - y/8?
4
Suppose -5*y + 3*k = 1605, -3*y - 976 = k - 27. Suppose -b = 1 - 8. What is the tens digit of 2/b + y/(-14)?
2
Let p(i) = -4*i**3 - 7*i**2 - 12*i - 3. What is the hundreds digit of p(-4)?
1
Suppose -6*w = -932 - 832. What is the hundreds digit of w?
2
Let r = -8 - -11. Suppose -3*c = -0*l - r*l - 30, -c = -3. What is the units digit of -1 + -2 - l*9?
0
Let a = 24 - 64. Let n = a + 69. What is the tens digit of n?
2
Let k(b) be the first derivative of b**3/3 + 11*b**2/2 + 9*b - 7. What is the units digit of k(-13)?
5
Suppose 5*y = -4*l - 86, -l - 2*l - 64 = 4*y. Let h = l + 28. Let s = 17 - h. What is the tens digit of s?
1
Suppose 2*a - 4 = -2*l - 0, l - 2 = 5*a. Suppose -3*p + 250 = y, -4*p + 0*p - 4*y + 328 = a. What is the tens digit of p?
8
Let d(a) = -a**2 - 10*a + 13. Suppose -4*o = -5*o - 9. Let s be d(o). Let x = s - 8. What is the units digit of x?
4
Let h(i) = -33*i + 9*i + 6*i - 5 + 11*i. Let v = -3 + 0. What is the tens digit of h(v)?
1
Suppose -8*j - 2*j = -40. Suppose 2*n + 3 = -7, 0 = 3*l - 3*n - 81. Suppose 4*g - 36 = -4*u - 4, 0 = -2*u - j*g + l. What is the units digit of u?
5
Suppose l + 4*l + 8 = -4*j, -9 = -3*j. Let t(n) = -8*n. Let g be t(l). Suppose 0 = -4*f + g + 8. What is the units digit of f?
0
Let j = 138 + -89. What is the units digit of 7630/j + (-2)/(-7)?
6
Suppose 0 = 21*d - 31*d + 180. Let j = -41 - -84. Suppose -z + d = -j. What is the units digit of z?
1
Let t(f) = f**2 - 15*f + 34. Let k be t(14). Suppose 0*s + 2*s - 2*m = -6, 0 = -4*m + k. What is the units digit of s?
2
Let u(h) = h**2 - 11*h + 21. Let z be u(9). Suppose 0 = z*b + 4*g - 928, -5*b = -3*g - 930 - 665. What is the hundreds digit of b?
3
Let b(a) = 3*a**3 + 12*a**2 - 10*a - 15. Let t be b(-6). Let l = 360 + t. What is the tens digit of l?
8
Let f = -63 + 68. What is the units digit of f?
5
Let v(l) = 4*l - 3*l - 5 + 3 + 1. Let u be v(3). Suppose i - u*i + 22 = 0. What is the tens digit of i?
2
Let z = -1334 - -1547. What is the tens digit of z?
1
Suppose 3*g + 16 = 2*f - 7, 5*f - 4*g = 68. Suppose -3*s = -2*z + 82, 4*s + 0*s = 4*z - 172. Suppose w + f = z. What is the tens digit of w?
3
Let g(q) = 61*q + 44. Let v(f) = 30*f + 22. Let m(s) = 2*g(s) - 5*v(s). What is the units digit of m(-7)?
4
Let o(y) = 83*y**2 - y + 2. What is the units digit of o(1)?
4
Let o = -41 + 45. What is the units digit of (10/o - 1)/((-1)/(-2))?
3
Let m be (-71841)/(-44) + 3/(-4). Suppose -12*r + m = -1068. What is the units digit of r?
5
Let d be 270/(-8) - (-2)/(-8). Let f be 1 + (-1)/1 + d. What is the units digit of (51/f)/((-1)/6)?
9
Suppose 0 = -u - 5*b - 5, 5*u = -b - 3*b + 38. Suppose 112 + 798 